{"id":509,"date":"2017-02-16T20:02:10","date_gmt":"2017-02-16T19:02:10","guid":{"rendered":"http:\/\/atout.simple-illusion.com\/?page_id=509"},"modified":"2018-06-20T14:42:08","modified_gmt":"2018-06-20T13:42:08","slug":"temoignages","status":"publish","type":"page","link":"https:\/\/www.atout-hasard.fr\/index.php\/temoignages\/","title":{"rendered":"T\u00e9moignages"},"content":{"rendered":"<h2 style=\"text-align: center;\"><img decoding=\"async\" class=\"size-full wp-image-815 alignleft\" src=\"https:\/\/www.atout-hasard.fr\/wp-content\/uploads\/2018\/06\/AFrance.jpg\" alt=\"\" \/>Anne France<\/h2>\n<p>\u00ab\u00a0Mon premier \u00ab\u00a0Je du hasard\u00a0\u00bb a \u00e9t\u00e9 pour moi une exp\u00e9rience inattendue et pour le moins surprenante. J&rsquo;avais pos\u00e9 comme intention de d\u00e9part ce qui sous tendait mon d\u00e9m\u00e9nagement \u00e0 Montpellier qui correspondait alors \u00e0 une nouvelle \u00e9tape de ma vie. Au cours des premi\u00e8res minutes de ma \u00ab\u00a0d\u00e9ambulation\u00a0\u00bb je cherchais d\u00e9sesp\u00e9r\u00e9ment des \u00ab\u00a0signes\u00a0\u00bb qui puissent me livrer cette r\u00e9ponse, mais en vain.<\/p>\n<p>Puis mon esprit f\u00fbt litt\u00e9ralement captiv\u00e9 par les tr\u00e9sors f\u00e9eriques d&rsquo;un magasin de d\u00e9coration si bien qu&rsquo;une fois sortie, j&rsquo;\u00e9tais dans un \u00e9tat sans attente port\u00e9e pas la joie de ces petites merveilles. Quelques minutes plus tard, toujours sans attente, tout en marchant, mon regard se porta vers une phrase\u00a0 \u00e9crite \u00e0 la main en rouge sur un mur : \u00ab\u00a0<strong>alors tu t&rsquo;\u00e9tais cach\u00e9e ?<\/strong>\u00a0\u00bb J&rsquo;ai re\u00e7u alors cette phrase comme une messag\u00e8re qui venait me saisir toute enti\u00e8re. Mon corps tressailli transpira d&rsquo;un coup avant m\u00eame de pouvoir penser quoi que ce soit.<\/p>\n<p>Mon intention venait d&rsquo;\u00eatre honor\u00e9e !<\/p>\n<p>Apr\u00e8s 20 ann\u00e9es de vie dans une p\u00e9nombre confortable, l&rsquo;heure \u00e9tait venue pour moi de me mettre v\u00e9ritablement dans l&rsquo;\u00e9clat du jour, en pleine lumi\u00e8re !&#8230;\u00a0\u00bb<\/p>\n<p><a href=\"https:\/\/www.facebook.com\/annefrance.courvoisier\">https:\/\/www.facebook.com\/annefrance.courvoisier<\/a><br \/>\n<a href=\"https:\/\/www.facebook.com\/AFCPhotographie\/\">https:\/\/www.facebook.com\/AFCPhotographie\/<\/a><\/p>\n","protected":false},"excerpt":{"rendered":"<p>Anne France \u00ab\u00a0Mon premier \u00ab\u00a0Je du hasard\u00a0\u00bb a \u00e9t\u00e9 pour moi une exp\u00e9rience inattendue et pour le moins surprenante. J&rsquo;avais pos\u00e9 comme intention de d\u00e9part ce qui sous tendait mon d\u00e9m\u00e9nagement \u00e0 Montpellier qui correspondait alors \u00e0 une nouvelle \u00e9tape de ma vie. Au cours des premi\u00e8res minutes de ma \u00ab\u00a0d\u00e9ambulation\u00a0\u00bb je cherchais d\u00e9sesp\u00e9r\u00e9ment des [&hellip;]<\/p>\n","protected":false},"author":3,"featured_media":0,"parent":0,"menu_order":2,"comment_status":"closed","ping_status":"closed","template":"","meta":{"footnotes":""},"class_list":["post-509","page","type-page","status-publish","hentry","short-story","post-entry","box"],"_links":{"self":[{"href":"https:\/\/www.atout-hasard.fr\/index.php\/wp-json\/wp\/v2\/pages\/509","targetHints":{"allow":["GET"]}}],"collection":[{"href":"https:\/\/www.atout-hasard.fr\/index.php\/wp-json\/wp\/v2\/pages"}],"about":[{"href":"https:\/\/www.atout-hasard.fr\/index.php\/wp-json\/wp\/v2\/types\/page"}],"author":[{"embeddable":true,"href":"https:\/\/www.atout-hasard.fr\/index.php\/wp-json\/wp\/v2\/users\/3"}],"replies":[{"embeddable":true,"href":"https:\/\/www.atout-hasard.fr\/index.php\/wp-json\/wp\/v2\/comments?post=509"}],"version-history":[{"count":13,"href":"https:\/\/www.atout-hasard.fr\/index.php\/wp-json\/wp\/v2\/pages\/509\/revisions"}],"predecessor-version":[{"id":832,"href":"https:\/\/www.atout-hasard.fr\/index.php\/wp-json\/wp\/v2\/pages\/509\/revisions\/832"}],"wp:attachment":[{"href":"https:\/\/www.atout-hasard.fr\/index.php\/wp-json\/wp\/v2\/media?parent=509"}],"curies":[{"name":"wp","href":"https:\/\/api.w.org\/{rel}","templated":true}]}}