{"id":36,"date":"2016-03-04T21:04:15","date_gmt":"2016-03-04T20:04:15","guid":{"rendered":"http:\/\/atout.simple-illusion.com\/?page_id=36"},"modified":"2024-08-16T11:07:30","modified_gmt":"2024-08-16T10:07:30","slug":"contact","status":"publish","type":"page","link":"https:\/\/www.atout-hasard.fr\/index.php\/contact\/","title":{"rendered":"Contact"},"content":{"rendered":"<h2 style=\"text-align: center;\"><strong>Association<\/strong><strong>\u00ab\u00a0Atout Hasard\u00a0\u00bb<\/strong><\/h2>\n<h3 style=\"text-align: center;\"><strong>Atelier du \u00ab\u00a0Je du hasard\u00a0\u00bb<\/strong><\/h3>\n<p style=\"text-align: center;\">3 route de Lagamas<br \/>34150 GIGNAC<\/p>\n<p style=\"text-align: center;\">&#8211;<br \/>Nous contacter :<br \/>06 41 66 59 90<br \/>lagrange.p@gmail.com<br \/>Nous retrouver sur Facebook <strong><a href=\"https:\/\/www.facebook.com\/Association-Atout-Hasard-163067704223505\/?fref=ts\">(ici)<\/a><\/strong><\/p>\n<h2 style=\"text-align: center;\">Prix : 50\u20ac<\/h2>\n<p style=\"text-align: center;\"><strong>Atelier individuel<\/strong> (3h) en pr\u00e9sentiel (<em><strong><span style=\"color: #ff0000;\">ou \u00e0 distance !<\/span><\/strong><\/em>)<br \/><strong>Atelier de groupe<\/strong> 1 journ\u00e9e (5 personnes max)<\/p>\n<p style=\"text-align: center;\">\u00a0<\/p>\n\n\n<p><\/p>\n","protected":false},"excerpt":{"rendered":"<p>Association\u00ab\u00a0Atout Hasard\u00a0\u00bb Atelier du \u00ab\u00a0Je du hasard\u00a0\u00bb 3 route de Lagamas34150 GIGNAC &#8211;Nous contacter :06 41 66 59 90lagrange.p@gmail.comNous retrouver sur Facebook (ici) Prix : 50\u20ac Atelier individuel (3h) en pr\u00e9sentiel (ou \u00e0 distance !)Atelier de groupe 1 journ\u00e9e (5 personnes max) \u00a0<\/p>\n","protected":false},"author":3,"featured_media":0,"parent":0,"menu_order":0,"comment_status":"closed","ping_status":"closed","template":"","meta":{"footnotes":""},"class_list":["post-36","page","type-page","status-publish","hentry","short-story","post-entry","box"],"_links":{"self":[{"href":"https:\/\/www.atout-hasard.fr\/index.php\/wp-json\/wp\/v2\/pages\/36","targetHints":{"allow":["GET"]}}],"collection":[{"href":"https:\/\/www.atout-hasard.fr\/index.php\/wp-json\/wp\/v2\/pages"}],"about":[{"href":"https:\/\/www.atout-hasard.fr\/index.php\/wp-json\/wp\/v2\/types\/page"}],"author":[{"embeddable":true,"href":"https:\/\/www.atout-hasard.fr\/index.php\/wp-json\/wp\/v2\/users\/3"}],"replies":[{"embeddable":true,"href":"https:\/\/www.atout-hasard.fr\/index.php\/wp-json\/wp\/v2\/comments?post=36"}],"version-history":[{"count":82,"href":"https:\/\/www.atout-hasard.fr\/index.php\/wp-json\/wp\/v2\/pages\/36\/revisions"}],"predecessor-version":[{"id":1534,"href":"https:\/\/www.atout-hasard.fr\/index.php\/wp-json\/wp\/v2\/pages\/36\/revisions\/1534"}],"wp:attachment":[{"href":"https:\/\/www.atout-hasard.fr\/index.php\/wp-json\/wp\/v2\/media?parent=36"}],"curies":[{"name":"wp","href":"https:\/\/api.w.org\/{rel}","templated":true}]}}