{"id":135,"date":"2016-03-09T10:50:52","date_gmt":"2016-03-09T09:50:52","guid":{"rendered":"http:\/\/atout.simple-illusion.com\/?page_id=135"},"modified":"2018-01-04T19:30:15","modified_gmt":"2018-01-04T18:30:15","slug":"ma-1ere-deambulation","status":"publish","type":"page","link":"https:\/\/www.atout-hasard.fr\/index.php\/ma-1ere-deambulation\/","title":{"rendered":"Cr\u00e9ation de l&rsquo;atelier&#8230;"},"content":{"rendered":"<h2 style=\"text-align: justify;\"><img loading=\"lazy\" decoding=\"async\" width=\"200\" height=\"300\" class=\"wp-image-141 alignleft\" src=\"http:\/\/atout.simple-illusion.com\/wp-content\/uploads\/2016\/03\/P1170483-200x300.jpg\" alt=\"P1170483\" srcset=\"https:\/\/www.atout-hasard.fr\/wp-content\/uploads\/2016\/03\/P1170483-200x300.jpg 200w, https:\/\/www.atout-hasard.fr\/wp-content\/uploads\/2016\/03\/P1170483-768x1152.jpg 768w, https:\/\/www.atout-hasard.fr\/wp-content\/uploads\/2016\/03\/P1170483-683x1024.jpg 683w, https:\/\/www.atout-hasard.fr\/wp-content\/uploads\/2016\/03\/P1170483-1200x1800.jpg 1200w\" sizes=\"auto, (max-width: 200px) 100vw, 200px\" \/><strong>Le premier \u00ab\u00a0Je du hasard\u00a0\u00bb&#8230;<\/strong><\/h2>\n<p style=\"text-align: justify;\">C\u2019est \u00e0 l\u2019occasion de plusieurs rencontres avec \u00a0le physicien <span style=\"color: #0000ff;\"><a style=\"color: #0000ff;\" href=\"http:\/\/atout.simple-illusion.com\/index.php\/2017\/05\/10\/philippe-guillemant\/\"><em><strong>Philippe Guillemant<\/strong><\/em><\/a><\/span>\u00a0qui travaillait \u00e0 une th\u00e9orie des synchronicit\u00e9s, qu\u2019a germ\u00e9 l\u2019id\u00e9e d\u2019une exp\u00e9rience : avec un groupe de personnes r\u00e9unies \u00e0 l&rsquo;occasion d&rsquo;une <span style=\"color: #0000ff;\"><a style=\"color: #0000ff;\" href=\"https:\/\/www.facebook.com\/pg\/La-Route-du-Temps-133743580006937\/photos\/?tab=album&amp;album_id=191001277614500\">\u00ab\u00a0<strong>marche\u00a0cr\u00e9ative<\/strong><\/a>\u00ab\u00a0<\/span> (land art), je proposais \u00e0 ceux qui voulaient se pr\u00eater au jeu, de <strong>mettre en co\u00efncidence<\/strong> une <strong>intention<\/strong> ou une <strong>question<\/strong> qui leur tenait \u00e0 c\u0153ur avec<strong> tout \u00e9v\u00e9nement fortuit<\/strong> qui pourrait surgir de cette randonn\u00e9e que, pour l&rsquo;occasion, je nommais pompeusement \u00ab<em>d\u00e9ambulation quantique<\/em>\u00bb.<\/p>\n<blockquote>\n<p style=\"text-align: justify;\">Pour mon\u00a0compte, il y en avait une qui me taraudait : toutes ces petites histoires de synchronicit\u00e9s collect\u00e9es depuis des ann\u00e9es \u00e9taient bien jolies, elles m&rsquo;avaient amen\u00e9 \u00e0 cette <strong>conversation<\/strong> int\u00e9rieure, mais je ne savais pas vraiment <strong>quoi en faire<\/strong>.<\/p>\n<\/blockquote>\n<p style=\"text-align: justify;\">Je sentais bien qu\u2019elles n\u2019avaient pas vocation \u00e0 rester dans un dossier au fond d&rsquo;un disque dur,\u00a0 mais l&rsquo;<em>amoureux<\/em> que j&rsquo;\u00e9tais \u00e9tait bien timide, plus enclin \u00e0 d\u00e9clamer sa \u00ab\u00a0flemme\u00a0\u00bb qu&rsquo;\u00e0 d\u00e9clarer sa flamme.<\/p>\n<p style=\"text-align: justify;\">Je commen\u00e7ais donc cette d\u00e9ambulation sur cette question :<\/p>\n<blockquote>\n<p style=\"text-align: left;\">Quelle forme cette \u201cd\u00e9claration d&rsquo;amour\u201d pouvait-elle prendre ?<br \/>\nAutrement dit quelle cr\u00e9ativit\u00e9 en moi pouvait \u00eatre \u00e0 leur disposition ?<\/p>\n<\/blockquote>\n<p style=\"text-align: justify;\">6h de <em>d\u00e9ambulation<\/em> dans l&rsquo;arri\u00e8re pays des Alpes de Haute Provence et quelques 320 photos finirent par <strong>d\u00e9voiler<\/strong> ce que mon for int\u00e9rieur connaissait d\u00e9j\u00e0. Quatre\u00a0d&rsquo;entre elles se conjuguaient en un <strong>r\u00e9bus<\/strong> tr\u00e8s explicite&#8230;<\/p>\n<p style=\"text-align: justify;\">Il y \u00e9tait question :<\/p>\n<figure id=\"attachment_144\" aria-describedby=\"caption-attachment-144\" style=\"width: 150px\" class=\"wp-caption alignleft\"><img loading=\"lazy\" decoding=\"async\" width=\"150\" height=\"150\" class=\"wp-image-144 size-thumbnail\" src=\"http:\/\/atout.simple-illusion.com\/wp-content\/uploads\/2016\/03\/P1170255-150x150.jpg\" alt=\"P1170255\" \/><figcaption id=\"caption-attachment-144\" class=\"wp-caption-text\">D&rsquo;un dragon, gardien d&rsquo;un monde de contes et l\u00e9gendes<\/figcaption><\/figure>\n<figure id=\"attachment_143\" aria-describedby=\"caption-attachment-143\" style=\"width: 150px\" class=\"wp-caption alignleft\"><img loading=\"lazy\" decoding=\"async\" width=\"150\" height=\"150\" class=\"wp-image-143 size-thumbnail\" src=\"http:\/\/atout.simple-illusion.com\/wp-content\/uploads\/2016\/03\/P1170424-150x150.jpg\" alt=\"P1170424\" \/><figcaption id=\"caption-attachment-143\" class=\"wp-caption-text\">D&rsquo;un personnage rieur en&#8230;Pierre<\/figcaption><\/figure>\n<hr \/>\n<figure id=\"attachment_142\" aria-describedby=\"caption-attachment-142\" style=\"width: 150px\" class=\"wp-caption alignright\"><img loading=\"lazy\" decoding=\"async\" width=\"150\" height=\"150\" class=\"wp-image-142 size-thumbnail\" src=\"http:\/\/atout.simple-illusion.com\/wp-content\/uploads\/2016\/03\/P1170512-150x150.jpg\" alt=\"P1170512\" \/><figcaption id=\"caption-attachment-142\" class=\"wp-caption-text\">&#8230; \u00e0 \u00ab\u00a0Z\u00a0\u00bb<\/figcaption><\/figure>\n<figure id=\"attachment_141\" aria-describedby=\"caption-attachment-141\" style=\"width: 150px\" class=\"wp-caption alignright\"><img loading=\"lazy\" decoding=\"async\" width=\"150\" height=\"150\" class=\"wp-image-141 size-thumbnail\" src=\"http:\/\/atout.simple-illusion.com\/wp-content\/uploads\/2016\/03\/P1170483-150x150.jpg\" alt=\"P1170483\" \/><figcaption id=\"caption-attachment-141\" class=\"wp-caption-text\">D&rsquo;un alphabet&#8230;de \u00ab\u00a0A\u00a0\u00bb<\/figcaption><\/figure>\n<hr \/>\n<p style=\"text-align: justify;\">Quelques\u00a0mois de gestation s&rsquo;en sont suivis pour extraire de ces clins d\u2019oeil photographiques, l\u2019exp\u00e9rience que nous vous proposons.<\/p>\n","protected":false},"excerpt":{"rendered":"<p>Le premier \u00ab\u00a0Je du hasard\u00a0\u00bb&#8230; C\u2019est \u00e0 l\u2019occasion de plusieurs rencontres avec \u00a0le physicien Philippe Guillemant\u00a0qui travaillait \u00e0 une th\u00e9orie des synchronicit\u00e9s, qu\u2019a germ\u00e9 l\u2019id\u00e9e d\u2019une exp\u00e9rience : avec un groupe de personnes r\u00e9unies \u00e0 l&rsquo;occasion d&rsquo;une \u00ab\u00a0marche\u00a0cr\u00e9ative\u00ab\u00a0 (land art), je proposais \u00e0 ceux qui voulaient se pr\u00eater au jeu, de mettre en co\u00efncidence une [&hellip;]<\/p>\n","protected":false},"author":3,"featured_media":0,"parent":0,"menu_order":0,"comment_status":"closed","ping_status":"closed","template":"","meta":{"footnotes":""},"class_list":["post-135","page","type-page","status-publish","hentry","short-story","post-entry","box"],"_links":{"self":[{"href":"https:\/\/www.atout-hasard.fr\/index.php\/wp-json\/wp\/v2\/pages\/135","targetHints":{"allow":["GET"]}}],"collection":[{"href":"https:\/\/www.atout-hasard.fr\/index.php\/wp-json\/wp\/v2\/pages"}],"about":[{"href":"https:\/\/www.atout-hasard.fr\/index.php\/wp-json\/wp\/v2\/types\/page"}],"author":[{"embeddable":true,"href":"https:\/\/www.atout-hasard.fr\/index.php\/wp-json\/wp\/v2\/users\/3"}],"replies":[{"embeddable":true,"href":"https:\/\/www.atout-hasard.fr\/index.php\/wp-json\/wp\/v2\/comments?post=135"}],"version-history":[{"count":59,"href":"https:\/\/www.atout-hasard.fr\/index.php\/wp-json\/wp\/v2\/pages\/135\/revisions"}],"predecessor-version":[{"id":802,"href":"https:\/\/www.atout-hasard.fr\/index.php\/wp-json\/wp\/v2\/pages\/135\/revisions\/802"}],"wp:attachment":[{"href":"https:\/\/www.atout-hasard.fr\/index.php\/wp-json\/wp\/v2\/media?parent=135"}],"curies":[{"name":"wp","href":"https:\/\/api.w.org\/{rel}","templated":true}]}}